7, 11, 37, 5849
What are the prime factors of 37918285?
5, 7583657
What are the prime factors of 537218607?
3, 73, 2453053
What are the prime factors of 84568898?
2, 42284449
What are the prime factors of 473364148?
2, 61, 107, 18131
What are the prime factors of 4520583815?
5, 11, 17, 4834849
List the prime factors of 3503337791.
139, 25203869
List the prime factors of 3419182761.
3, 1139727587
List the prime factors of 23568706.
2, 7, 29, 8293
List the prime factors of 83967931.
193, 337, 1291
List the prime factors of 237423167.
43, 853, 6473
List the prime factors of 54659674.
2, 27329837
What are the prime factors of 112557585?
3, 5, 7, 1071977
List the prime factors of 4877532304.
2, 304845769
What are the prime factors of 93119754?
2, 3, 7, 13, 29, 5881
What are the prime factors of 365166260?
2, 5, 29, 547, 1151
What are the prime factors of 282723620?
2, 5, 79, 178939
What are the prime factors of 3586929538?
2, 43, 41708483
What are the prime factors of 881767790?
2, 5, 23, 457, 8389
List the prime factors of 701886831.
3, 41, 5706397
What are the prime factors of 92773496?
2, 11596687
List the prime factors of 33180704.
2, 797, 1301
List the prime factors of 957643727.
957643727
What are the prime factors of 1437511412?
2, 181, 1985513
List the prime factors of 26291870.
2, 5, 11, 239017
What are the prime factors of 421366642?
2, 53, 97, 107, 383
What are the prime factors of 68641409?
31, 61, 36299
List the prime factors of 41972634.
2, 3, 11, 19, 3719
What are the prime factors of 103205434?
2, 347, 148711
List the prime factors of 18969034.
2, 7, 1354931
What are the prime factors of 51439105?
5, 10287821
What are the prime factors of 226089280?
2, 5, 151, 4679
What are the prime factors of 291130866?
2, 3, 13, 1244149
What are the prime factors of 247201396?
2, 13, 97, 49009
What are the prime factors of 1401138295?
5, 127, 2206517
List the prime factors of 133937464.
2, 23, 107, 6803
What are the prime factors of 51116496?
2, 3, 1064927
List the prime factors of 128247725.
5, 47, 109147
What are the prime factors of 37628076?
2, 3, 59, 53147
List the prime factors of 143478496.
2, 7, 640529
What are the prime factors of 2741218882?
2, 19, 47, 1534837
List the prime factors of 531897928.
2, 3631, 18311
List the prime factors of 740481938.
2, 7, 3833, 13799
List the prime factors of 908276048.
2, 283, 200591
List the prime factors of 92601407.
6079, 15233
What are the prime factors of 123751714?
2, 53, 1167469
What are the prime factors of 149142573?
3, 5523799
List the prime factors of 14604832.
2, 11, 41491
What are the prime factors of 7882016?
2, 17, 14489
List the prime factors of 2434368246.
2, 3, 405728041
List the prime factors of 131327307.
3, 163, 89521
What are the prime factors of 21661798?
2, 37, 292727
List the prime factors of 148981252.
2, 7, 877, 6067
What are the prime factors of 355779969?
3, 118593323
What are the prime factors of 5055673580?
2, 5, 252783679
What are the prime factors of 8307515014?
2, 173, 1559, 15401
List the prime factors of 772204217.
383, 2016199
What are the prime factors of 4673915?
5, 47, 19889
List the prime factors of 692477433.
3, 76941937
What are the prime factors of 33543595?
5, 61, 71, 1549
List the prime factors of 16278833.
2153, 7561
What are the prime factors of 447650772?
2, 3, 103, 362177
What are the prime factors of 138119981?
47, 131, 22433
List the prime factors of 65007371.
11, 13, 17
What are the prime factors of 79612886?
2, 193, 206251
List the prime factors of 248016841.
248016841
List the prime factors of 19637523.
3, 2181947
What are the prime factors of 28271683?
11, 43, 59771
What are the prime factors of 792974156?
2, 13, 15249503
List the prime factors of 1132631809.
1132631809
List the prime factors of 17469257.
13, 1343789
What are the prime factors of 120523422?
2, 3, 19, 1057223
What are the prime factors of 26949623?
373, 72251
What are the prime factors of 38765455?
5, 37, 209543
List the prime factors of 10729207.
47, 228281
List the prime factors of 2753027631.
3, 1741, 175699
What are the prime factors of 659788462?
2, 17, 1481, 13103
List the prime factors of 138895832.
2, 1063, 16333
What are the prime factors of 88224788?
2, 61, 361577
List the prime factors of 2829449559.
3, 61, 73, 211801
List the prime factors of 5633187167.
17, 223, 1485937
What are the prime factors of 59227339?
127, 466357
List the prime factors of 2940959170.
2, 5, 23, 131, 97609
List the prime factors of 1720460985.
3, 5, 114697399
List the prime factors of 1489753762.
2, 7, 15201569
List the prime factors of 3440349020.
2, 5, 71, 2422781
What are the prime factors of 340154228?
2, 47, 1809331
List the prime factors of 37856552.
2, 17, 173, 1609
What are the prime factors of 199065836?
2, 49766459
List the prime factors of 168053851.
7, 24007693
List the prime factors of 72055702.
2, 43, 227, 3691
What are the prime factors of 1190835903?
3, 29, 239, 57271
What are the prime factors of 116777267?
17, 449, 15299
List the prime factors of 252447441.
3, 84149147
What are the prime factors of 52149007?
41, 1271927
What are the prime factors of 196404061?
7, 23, 53, 23017
List the prime factors of 139170610.
2, 5, 13917061
List the prime factors of 991430197.
1429, 693793
What are the prime factors of 12316366?
2, 6158183
List the prime factors of 116669045.
5, 17, 239, 5743
What are the prime factors of 5790712?
2, 723839
List the prime factors of 162827321.
19, 347, 24697
What are the prime factors of 369685070?
2, 5, 53, 697519
List the prime factors of 330537507.
3, 110179169
What are the prime factors of 1907797?
1907797
What are the prime factors of 2202971162?
2, 7, 331, 431, 1103
What are the prime factors of 509559098?
2, 254779549
List the prime factors of 2089372746.
2, 3, 348228791
What are the prime factors of 385672701?
3, 1093, 117619
What are the prime factors of 303275104?
2, 11, 17, 59, 859
What are the prime factors of 95421513?
3, 11, 29, 99709
List the prime factors of 1902483813.
3, 19, 47, 53, 13399
List the prime factors of 3102564836.
2, 7, 281, 394327
List the prime factors of 377844595.
5, 163, 463613
List the prime factors of 15228246.
2, 3, 11, 179, 1289
List the prime factors of 110904736.
2, 17, 203869
List the prime factors of 96771619.
7, 307, 919
List the prime factors of 2285817107.
7, 326545301
What are the prime factors of 225766917?
3, 61, 411233
List the prime factors of 1464855175.
5, 7, 41, 204161
List the prime factors of 77327930.
2, 5, 349, 22157
What are the prime factors of 78518029?
78518029
List the prime factors of 729108456.
2, 3, 653, 46523
List the prime factors of 47012304.
2, 3, 979423
What are the prime factors of 508432755?
3, 5, 33895517
What are the prime factors of 213312968?
2, 11, 71, 34141
List the prime factors of 141456836.
2, 35364209
What are the prime factors of 2772000043?
23, 293, 411337
List the prime factors of 20664066.
2, 3, 29, 103, 1153
List the prime factors of 2095552093.
29, 61, 107, 11071
List the prime factors of 64951653.
3, 13, 1665427
List the prime factors of 405520436.
2, 61, 1661969
What are the prime factors of 95026561?
7, 41, 467, 709
List the prime factors of 123399701.
199, 620099
List the prime factors of 382924920.
2, 3, 5, 7, 455863
What are the prime factors of 237473316?
2, 3, 2198827
What are the prime factors of 206040857?
11, 1702817
What are the prime factors of 73265103?
3, 67, 121501
List the prime factors of 103668428.
2, 59, 439273
What are the prime factors of 24879965?
5, 11, 452363
List the prime factors of 999806789.
167, 5986867
What are the prime factors of 669943160?
2, 5, 577, 29027
What are the prime factors of 54263343?
3, 61, 4861
List the prime factors of 161419163.
161419163
List the prime factors of 4187972814.
2, 3, 17, 1523, 26959
What are the prime factors of 490844280?
2, 3, 5, 1451, 2819
What are the prime factors of 9110854649?
13, 337, 2079629
What are the prime factors of 2354484555?
3, 5, 179, 292301
List the prime factors of 852895355.
5, 13, 17, 45403
List the prime factors of 33433825.
5, 19, 59, 1193
List the prime factors of 24309238.
2, 113, 107563
List the prime factors of 75777930.
2, 3, 5, 93553
List the prime factors of 4439681134.
2, 7